remainder when (-22)/(-22) - t/(-2) is divided by i?
13
Suppose a = -h + 45 - 16, -a + 5*h = -47. Calculate the remainder when 134 is divided by a.
6
Suppose -306*z + 78255 = -19971. What is the remainder when z is divided by 197?
124
Suppose 0 = 28*w - 20*w - 672. Calculate the remainder when (3/(-2))/((-9)/1086) is divided by w.
13
Suppose 0 = -7*x + 2*x - 5*o + 705, 3*o = 9. What is the remainder when 26 is divided by 69/x*(7 + -1)?
2
Suppose 0*i = -15*i + 21*i - 36. What is the remainder when ((-948)/20)/(-3)*5 is divided by i?
1
Suppose 419*x - 110760 = 315*x. Calculate the remainder when x is divided by 131.
17
Let n(x) = 38*x + 46. Let d be n(3). Let l = d - 125. What is the remainder when l is divided by 26?
9
Let u = 126 + -93. Suppose 13 + 32 = 2*o + 3*c, 0 = -2*o - 5*c + 51. What is the remainder when u is divided by o?
15
Let w = -3698 - -4609. What is the remainder when w is divided by 54?
47
Let k be ((-2140)/3 - -10)/((-2)/3). Suppose -k - 503 = -19*d. Calculate the remainder when d is divided by 7.
5
Suppose 15*m + 112 = 19*m. Let b(j) = -j**2 - 6*j + 52. Calculate the remainder when m is divided by b(-10).
4
What is the remainder when 50 is divided by ((-224)/784)/((-2)/161)?
4
Suppose 22*a = 1059 + 734 - 55. Let i(l) = -l**2 - 8*l. Calculate the remainder when a is divided by i(-7).
2
Calculate the remainder when (1 - 15/20)/(2/1336) is divided by 49.
20
Let d be -3*(-6 + 3)*59/9. Let y = d - -15. Suppose -h = u - 19, -5*u = -u + 5*h - 80. Calculate the remainder when y is divided by u.
14
Let m(t) = -33*t**3 + t**2 - 5*t - 1. Let u be m(2). Let v = -155 - u. Calculate the remainder when v is divided by 15.
11
Suppose -43*w - 38*w = -810. What is the remainder when 10 is divided by w?
0
Let v = 11205 - 10626. Calculate the remainder when v is divided by 59.
48
Let z be 102/(-4)*(-6)/(-9) + 3. Let o = z - -45. What is the remainder when 215 is divided by o?
29
Suppose -2*m = -3*x + 446, m - 91 + 328 = -2*x. Let v(i) = 28*i - 22. Let o be v(13). Let f = o + m. What is the remainder when f is divided by 23?
21
Suppose -17628 = -148*t + 96*t. What is the remainder when t is divided by 10?
9
Let s(b) = -b**3 + 3*b**2 - 1. Let p be (-2 - -4)*3807/(-18). Let f = 435 + p. Calculate the remainder when s(-2) is divided by f.
7
Let b = -12957 - -12984. Calculate the remainder when 1564 is divided by b.
25
Let l(i) = 11*i + 2. Let s(k) = k**3 - 225*k**2 + 415*k + 6921. What is the remainder when l(4) is divided by s(223)?
6
Suppose 4 - 4 = 6*d. Let c be 6 + 14 - (d - 1). Suppose 2*s - 38 = -i + c, -4*s + 112 = 4*i. What is the remainder when s is divided by 7?
3
Suppose 2*r - 5*r + 51 = 0. Suppose -105 - r = -2*n. Let f(s) = -25*s + 736. What is the remainder when n is divided by f(29)?
6
Suppose 8*s - 5220 = 5*h - 8*h, -h + 1957 = 3*s. What is the remainder when s is divided by 206?
33
Let l = 2891 + -2875. What is the remainder when 239 is divided by l?
15
Suppose -4*x + 4*c = 56, 5*x - 5*c = 2*x - 52. Calculate the remainder when 103 is divided by (x/(27/(-48)))/2.
7
Let j = 13639 + -13607. What is the remainder when 5853 is divided by j?
29
Suppose -7*m = -5*m - a - 59, -m = 2*a - 7. Calculate the remainder when 3438 is divided by m.
13
Suppose -195*d + 1942 + 1387 + 2521 = 0. Let b = 42 + 31. Calculate the remainder when b is divided by d.
13
Let m(u) = -u**3 + 8*u**2 - 2*u + 32. Suppose -6*v = -9*v - 18. What is the remainder when m(8) is divided by ((-9)/(-6))/(1/((-28)/v))?
2
Suppose -99 = 3*m + f - 500, -3*m + 417 = -3*f. What is the remainder when m is divided by 10?
5
Suppose -16*k - 34 = -290. Let n be (-3*240/(-9))/(-1). Let t = -18 - n. Calculate the remainder when t is divided by k.
14
Suppose 407 = 2*f - 2*t + 93, 5*t - 785 = -5*f. Calculate the remainder when f is divided by 68.
21
Calculate the remainder when 936 is divided by ((-5)/(-2) - 2) + (-1242)/(-108).
0
Let r = 1581 + -1423. Suppose -16 = 4*s - 5*s. Calculate the remainder when r is divided by s.
14
Suppose 4*p - 3*q = 113, -3 = -2*q + 3*q. Suppose -p*k = -27*k + 39. Calculate the remainder when k is divided by (4/(-6))/(32/(-432)).
3
Suppose 2*l + 20 = -2. Let g = l - -39. Suppose g*s - 24*s - 20 = 0. What is the remainder when 17 is divided by s?
2
Suppose -5*q = -k + 21, 41 - 173 = -4*k - 4*q. Let j = -60 - -70. What is the remainder when (-865)/(-10) - (-15)/j is divided by k?
26
Let w(l) = -19*l**3 + 36*l + 37. What is the remainder when 1138 is divided by w(-1)?
18
Let v = 1390 + -844. Let o = v - 345. What is the remainder when o is divided by 68?
65
Suppose -11*b = 374 + 2233. Let w = b - -271. Calculate the remainder when 93 is divided by w.
25
Let z = -54 + 57. Suppose 4*h + 0*h - 3*u + 8 = 0, z*u + 37 = -5*h. Calculate the remainder when 136 is divided by (-138)/h + 2/5.
24
Suppose 220*y + 2*n = 222*y - 364, -3*n = -5*y + 926. Suppose -15 = 3*r, 0 = -3*l + l - 3*r + 113. Calculate the remainder when y is divided by l.
62
Let b = -35 - -38. Let k(s) = 2*s**2 - 7*s - 3. Let y = 7 - 3. What is the remainder when b is divided by k(y)?
0
Let f(q) = 27*q - 1. Suppose c - 3*c + 4 = 0. What is the remainder when 1/(((-15922)/(-420))/(-19) - -2) is divided by f(c)?
51
Suppose 3*k + 294 = -3*a - 261, 0 = 5*a + k + 945. Suppose 0 = -o + 4, -8*l + 20 = -4*l + 4*o. Calculate the remainder when ((-2)/l)/(10/a) is divided by 14.
10
Suppose 0*m - 16 = 5*m + 2*u, 5*m + u + 13 = 0. What is the remainder when 433 is divided by m/(8 - (-2824)/(-352))?
81
Suppose -2061*u + 2065*u - 964 = 0. What is the remainder when 988 is divided by u?
24
Calculate the remainder when 214 is divided by 66*(329/(-21) - -16).
16
Suppose -4*j + 123 = 79. Suppose -5*m = -i - 271, 5*m - 4*i - 248 - j = 0. What is the remainder when m is divided by 33?
22
Suppose -44*b = -95671 - 25065. Calculate the remainder when b is divided by 102.
92
Let d = -7275 - -7933. Calculate the remainder when d is divided by 83.
77
Suppose 113*f - 2530 = 1537 - 1129. Let s(c) = 7*c**2 - c + 6. Calculate the remainder when s(3) is divided by f.
14
Suppose 10*k = -20*k + 330. Let w(p) = 4*p + 37. What is the remainder when w(k) is divided by 34?
13
Let t = -511 - -539. Calculate the remainder when 2886/22 - t/154 is divided by 45.
41
Calculate the remainder when (1 + 0)/((-30)/(-16050)) is divided by 48.
7
Let b be ((-210)/(-100)*-4)/((-3)/20). What is the remainder when 82 is divided by 55/3 - (b/(-12) + 5)?
10
Let d = -550 - -545. Let b(l) = -57*l - 164. Calculate the remainder when b(d) is divided by 31.
28
Suppose 75 + 97 = 4*x. What is the remainder when (335/21 - 18/63)/(79/237) is divided by x?
4
Let m(h) = 1723*h**2 - 24*h + 23. What is the remainder when m(1) is divided by 23?
20
Let j = 52 + -181. Let x = j + 73. Let u = 76 + x. What is the remainder when 79 is divided by u?
19
Let a(g) = 2*g**2 + 72*g + 690. What is the remainder when 5147 is divided by a(-16)?
47
Let p(o) = o - 2. Let r be p(6). Suppose -r*g + b + 180 + 73 = 0, -3*g + 3*b = -192. Let q = 227 - 195. What is the remainder when g is divided by q?
31
Let m = -31 - -36. Suppose m*v - 14 = 36. Suppose -4*z + 15 = -3*u, 2*z + u + v = 5*z. Calculate the remainder when z is divided by 3.
0
Let p(b) = -b**2 + 3*b - 30. Let g be p(11). Let l = 123 + g. Calculate the remainder when (1 - 7)*(-2)/1 is divided by l.
2
Let a = -8 - -8. Suppose a = -42*q + 39*q + 321. Let v = q + -75. What is the remainder when v is divided by 17?
15
Let n = -2 + 6. Suppose -8*t = -t - 2898. Let l = 425 - t. Calculate the remainder when l is divided by n.
3
Let h(o) = -165*o + 40. What is the remainder when 264 is divided by h(0)?
24
Let n(b) = b**3 - 8*b**2 - 16*b - 22. Let y be 5*10/5*1. What is the remainder when 107 is divided by n(y)?
17
Suppose -3*k = -3 + 102. Let d = k + 36. Suppose -150 = -2*s - d*s. What is the remainder when 86 is divided by s?
26
Let s be -3 + (-18)/(-8) + (-19)/(-4). Calculate the remainder when 411 is divided by (36/(-45))/(s + 364/(-90)).
15
Suppose 361 = 3*t + 46*d - 44*d, -5*d - 660 = -5*t. What is the remainder when 2871 is divided by t?
121
Suppose 29*j = 30*j - 15*l - 633, j + 5*l = 573. Suppose -3*b + 763 - 171 = 5*s, 0 = 5*s + 5*b - 590. Calculate the remainder when j is divided by s.
112
Suppose -50*b - 66 = -72*b. Let g(j) 